{"id":515,"date":"2012-08-02T10:32:50","date_gmt":"2012-08-02T10:32:50","guid":{"rendered":"http:\/\/theartic-emden.de\/?page_id=515"},"modified":"2012-08-28T08:04:44","modified_gmt":"2012-08-28T08:04:44","slug":"der-theartic-workshop-in-emden-im-mai-2012","status":"publish","type":"page","link":"http:\/\/theartic-emden.de\/?page_id=515","title":{"rendered":"Der Theartic-Workshop in Emden im Mai 2012"},"content":{"rendered":"<div id=\"attachment_519\" style=\"width: 410px\" class=\"wp-caption alignright\"><img aria-describedby=\"caption-attachment-519\" loading=\"lazy\" class=\"size-full wp-image-519 \" title=\"Theartic Emden GUIA Workshop May 2012\" src=\"http:\/\/theartic-emden.de\/wp-content\/uploads\/2012\/08\/guia_theartic_emden-00295.jpg\" alt=\"\" width=\"400\" height=\"226\" \/><p id=\"caption-attachment-519\" class=\"wp-caption-text\">Mehr als 60 Teilnehmer aus 9 L\u00e4ndern trafen sich im Mai beim Theartic-Workshop<\/p><\/div>\n<div id=\"attachment_525\" style=\"width: 410px\" class=\"wp-caption alignright\"><img aria-describedby=\"caption-attachment-525\" loading=\"lazy\" class=\"size-full wp-image-525 \" title=\"Gro\u00dfes Interesse weckte die Stra\u00dfentheater-Aktion im Stadtzentrum\" src=\"http:\/\/theartic-emden.de\/wp-content\/uploads\/2012\/08\/guia_theartic_emden-01261.jpg\" alt=\"\" width=\"400\" height=\"267\" \/><p id=\"caption-attachment-525\" class=\"wp-caption-text\">Gro\u00dfes Interesse weckte die Stra\u00dfentheater-Aktion im Stadtzentrum<\/p><\/div>\n<div id=\"attachment_530\" style=\"width: 410px\" class=\"wp-caption alignright\"><img aria-describedby=\"caption-attachment-530\" loading=\"lazy\" class=\"size-full wp-image-530 \" title=\"Theartic Emden GUIA Workshop May 2012\" src=\"http:\/\/theartic-emden.de\/wp-content\/uploads\/2012\/08\/guia_theartic_emden-00514.jpg\" alt=\"\" width=\"400\" height=\"267\" \/><p id=\"caption-attachment-530\" class=\"wp-caption-text\">Alle waren sich einig: Ein herzliches Miteinander ohne Ber\u00fchrungs\u00e4ngste - das zeichnete den Workshop in Emden aus.<\/p><\/div>\n<p>Und dann war es so weit: Das \u00a0nicht nur\u00a0 aus Theartic-Sicht \u00a0mit besonderer Spannung erwartete zweite Workshop-Treffen\u00a0 konnte beginnen!\u00a0 Mehr\u00a0 als 60 Teilnehmer aus\u00a0 allen\u00a0 9 L\u00e4ndern begegneten sich\u00a0 im Theartic-Theaterworkshop \u2013 die einen, um die so erfolgreiche Arbeit von Theartic kennenzulernen, und die anderen, um sie zu zeigen und gemeinsam mit den Partnern auf neue Art und \u00a0Weise zu erleben.<br \/>\nUnd das funktionierte von Anfang an so wunderbar, da\u00df sich alle Beteiligten am letzten Tag des Workshops mit einer Stra\u00dfentheater-Aktion\u00a0 im Stadtzentrum pr\u00e4sentieren konnten \u2013 was nicht nur sie selbst, sondern auch das Publikum und die <a title=\"OZ 07.05.2012: Politsatire im Emder Stadtgarten: \u201cSind das die Piraten?\u201d\" href=\"http:\/\/theartic-emden.de\/?p=370\">Presse<\/a> begeisterte.<\/p>\n<p style=\"text-align: left;\">Im Theaterworkshop konnten sich\u00a0 die europ\u00e4ischen G\u00e4ste davon \u00fcberzeugen, dass und wie ein wirklich gleichberechtigtes Arbeiten von Menschen mit und ohne Behinderungen\u00a0 tats\u00e4chlich m\u00f6glich ist, und in einer Probe des Erwachsenenensembles zu dem St\u00fcck \u201eDie bessere Gesellschaft\u201c\u00a0 zeigten sie sich beeindruckt von der\u00a0 Qualit\u00e4t sowohl des St\u00fcckes als auch der schauspielerischen Leistungen.\u00a0 Das galt ebenso f\u00fcr die offenen Proben mit dem Theartic junior-Ensemble und dem TheartiChor.<\/p>\n<p style=\"text-align: left;\">Umgekehrt\u00a0 genossen alle Theartic-Teilnehmer die Zusammenarbeit mit den G\u00e4sten in wunderbar freundschaftlicher und herzlicher Atmosph\u00e4re.<\/p>\n<p style=\"text-align: left;\">Auch die Diskussionsrunden \u00a0und Nachbesprechungen waren ausgesprochen lebhaft und engagiert. Ein Empfang der Stadt Emden und eine kleine Ostfriesland-Tour rundeten das Workshop-Treffen ab, von dem ausnahmslos alle begeistert waren.<\/p>\n<p style=\"text-align: left;\">Aber lassen wir\u00a0 unsere europ\u00e4ischen Freunde und nat\u00fcrlich Bilder sprechen \u2026 (siehe unten). Theartic freut sich jedenfalls schon jetzt auf Prag im November!<\/p>\n<p style=\"text-align: left;\"><em>Ulrike Heymann<\/em><\/p>\n<p style=\"text-align: left;\">Fotos vom Europa-Workshop in Emden: <a title=\"Zu den Fotos...\" href=\"http:\/\/theartic-emden.de\/bilder\/guia_emden_galerie\/index.html\" target=\"_blank\">KLICK!<\/a><\/p>\n<div style=\"background-color: #f3f3f3; padding-top: 8px;\">\n<p style=\"text-align: left;\">Einige Stimmen der Workshop-Teilnehmer:<\/p>\n<blockquote><p><strong>Kris De Visscher, Demos, Br\u00fcssel, Belgien:<\/strong><br \/>\n&#8222;What struck me was, as I said, that what makes Theartic &#8217;special&#8216; is the fact that you do nothing special at all. The selection of the exercises and the structure of the workshop enables every person to participate in an equal way. The facilitators treat the participants both in a supportive and a challenging way, and this equally so for everyone. It was also wonderful to see how people with and without so-called disabilities take care for each other and develop tight bounds. And this in a natural and spontaneous way. This creates a very warm, relaxed, considerate and harmonic atmosphere that gets the best out of everyone involved. I hope that the local community of Emden and its representatives keep on cherishing and supporting your wonderful work. Its a pity your organization is so unique. I hope that your participation in the GUIA project will enable you to spread this great example of good practice across Europe.&#8220;<\/p><\/blockquote>\n<blockquote><p><strong>Ljiljana Peri\u0161i\u0107, Centar za kulturu \u201eTre\u0161njevka\u201c, Zagreb, Kroatien:<\/strong><br \/>\n&#8222;First of all I want to thank Ulrike and Beate and the all artists from Theartic. For me  it was a pleasure and work together. I would say that I havn&#8217;t seen so much passion and devotion to work in every aspect. I think we all filled our batteries to go on with  our project.&#8220;<\/p><\/blockquote>\n<blockquote><p><strong>Chris Ledger, Arts &amp; Disability, Belfast, Nordirland:<\/strong><br \/>\n&#8222;I have loved this event. I have great respect for Ulrike&#8217;s skills as a disabled artist and, unexspectedly I found great personal enjoyment in the drama workshops. Drama is not my art form of choice but the exercises were well considered and well executed and they drew participants closer together. For me they also acted as a shortcut to build quick relationships with some of the german disabled participants in Theartic.<br \/>\nTheartic&#8217;s faciliators are dedicated and have empathy. I like that disabled people are pushed to achieve &#8211; but pushed with a softness that encourages them out of their shells and enables them to flourish. We must not settle for small achievements because people are disabled &#8211; always I want to see disabled people decelop to their best potential. For you, there are individuals involved in the company who have great talent and to see people with learning difficulties improving with such confidence &#8211; this has been a delight to me.<br \/>\nYesterday one of the participants moved me to tears by describing how her interaction with me had mede her feel. She said she still felt the effect two days later when we met during the rehearsal. Thias has left a strong impression on me &#8211; that a chance encounter can stay in the mind. To me this is the power of Guia &#8211; it&#8217;s often the small conversations in passing that have the most profound effect.<br \/>\nAnd by the way the people of Emden have all been remarkably helpful and welcoming! Thank you!&#8220;<\/p><\/blockquote>\n<blockquote><p><strong>William Longden, The Joy of Sound, London, England:<\/strong><br \/>\n&#8222;Thank you for a wonderful and educational experience at Emden. The JOS team all had a fine experience and gained fresh perspectives concerning their interpretations and practice  of inclusion. Your immediate and extended team are a very fine crew indeedand your Actors-All are exemplary. [&#8230;]\nMy immediate feelings concerning GUIA and our common theme if &#8218;inclusion&#8216; is that your approaches are very much contextually oriented and culturally determined. I feel that the real test of any inclusive approach is its transferability in the immediate.<br \/>\nI trust that we might find greater opportunity to reflect upon such considerations towards our shared inclusive practice development, at our future meetings. The pictures are great!<br \/>\nI thoroughly enjoyed your participatory workshops and street theatre, and also the opportunity of gaining such fresh insights into your creative methods, culture and environment. I will be looking forward to meeting again at Prague.&#8220;<\/p><\/blockquote>\n<blockquote><p><strong>Anita Szaboova, O\u015brodek Kultury Ochoty, Warschau, \u00a0Polen:<\/strong><br \/>\n&#8222;i want thank you again for brilliant GUIA meeting. [&#8230;] Ulrike and Beate, Claus, Arne, Kristina, Inge and all Theartic team THANK YOU MILLION TIMES for very good organized meeting and beautiful and useful workshops, rehearsals and whole program which you prepared for us. I found in Theartic new inspirations for my personal and professional life and i could see the same found the rest participants of my Polish group.&#8220;<\/p><\/blockquote>\n<blockquote><p><strong>Ilona Labut\u00f3v\u00e1, Inventura, Prag, Tschechien:<\/strong><br \/>\n&#8222;[After the workshop] I also jumped immediately into work but I have to say I have a special energy to do all this because of this amazing experience in Emden. I loved it from the first second. Everyting we did was for us very<br \/>\nenriching!! On the way back to Prague we were singing the whole way :)&#8220;<\/p><\/blockquote>\n<blockquote><p><strong>Radu Pop &amp; Irina Danielescu, Alteea, Bukarest, Rum\u00e4nien:<\/strong><br \/>\n&#8222;A late but very warm thank you for the great meeting you organized in Emden! For us it was a new, interesting experience to participate in the activities you prepared for us and to be able to attend the rehearsals for your future spectacles! We had a great time in our short but very intense Emden GUIA experience and we appreciate a lot your hospitality and friendship on one hand and the great work you are developing every single day at Theartic, on the other hand!<br \/>\nIt was great to meet all the members of the GUIA team and to experience the diversity of the GUIA project and we really hope we will have the chance to meet again in one of the future project meetings! [&#8230;]\nBest wishes from sunny and incredible warm (after our return from Germany&#8230;) Romania!&#8220;<\/p><\/blockquote>\n<\/div>\n","protected":false},"excerpt":{"rendered":"<p>Und dann war es so weit: Das \u00a0nicht nur\u00a0 aus Theartic-Sicht \u00a0mit besonderer Spannung erwartete zweite Workshop-Treffen\u00a0 konnte beginnen!\u00a0 Mehr\u00a0 als 60 Teilnehmer aus\u00a0 allen\u00a0 9 L\u00e4ndern begegneten sich\u00a0 im Theartic-Theaterworkshop \u2013 die einen, um die so erfolgreiche Arbeit von &hellip; <a href=\"http:\/\/theartic-emden.de\/?page_id=515\">Weiterlesen <span class=\"meta-nav\">&rarr;<\/span><\/a><\/p>\n","protected":false},"author":1,"featured_media":0,"parent":472,"menu_order":0,"comment_status":"closed","ping_status":"closed","template":"onecolumn-page.php","meta":{"ngg_post_thumbnail":0},"_links":{"self":[{"href":"http:\/\/theartic-emden.de\/index.php?rest_route=\/wp\/v2\/pages\/515"}],"collection":[{"href":"http:\/\/theartic-emden.de\/index.php?rest_route=\/wp\/v2\/pages"}],"about":[{"href":"http:\/\/theartic-emden.de\/index.php?rest_route=\/wp\/v2\/types\/page"}],"author":[{"embeddable":true,"href":"http:\/\/theartic-emden.de\/index.php?rest_route=\/wp\/v2\/users\/1"}],"replies":[{"embeddable":true,"href":"http:\/\/theartic-emden.de\/index.php?rest_route=%2Fwp%2Fv2%2Fcomments&post=515"}],"version-history":[{"count":27,"href":"http:\/\/theartic-emden.de\/index.php?rest_route=\/wp\/v2\/pages\/515\/revisions"}],"predecessor-version":[{"id":524,"href":"http:\/\/theartic-emden.de\/index.php?rest_route=\/wp\/v2\/pages\/515\/revisions\/524"}],"up":[{"embeddable":true,"href":"http:\/\/theartic-emden.de\/index.php?rest_route=\/wp\/v2\/pages\/472"}],"wp:attachment":[{"href":"http:\/\/theartic-emden.de\/index.php?rest_route=%2Fwp%2Fv2%2Fmedia&parent=515"}],"curies":[{"name":"wp","href":"https:\/\/api.w.org\/{rel}","templated":true}]}}

<div id="attachment_519" style="width: 410px" class="wp-caption alignright"><img aria-describedby="caption-attachment-519" loading="lazy" class="size-full wp-image-519 " title="Theartic Emden GUIA Workshop May 2012" src="http://theartic-emden.de/wp-content/uploads/2012/08/guia_theartic_emden-00295.jpg" alt="" width="400" height="226" /><p id="caption-attachment-519" class="wp-caption-text">Mehr als 60 Teilnehmer aus 9 Ländern trafen sich im Mai beim Theartic-Workshop</p></div>
<div id="attachment_525" style="width: 410px" class="wp-caption alignright"><img aria-describedby="caption-attachment-525" loading="lazy" class="size-full wp-image-525 " title="Großes Interesse weckte die Straßentheater-Aktion im Stadtzentrum" src="http://theartic-emden.de/wp-content/uploads/2012/08/guia_theartic_emden-01261.jpg" alt="" width="400" height="267" /><p id="caption-attachment-525" class="wp-caption-text">Großes Interesse weckte die Straßentheater-Aktion im Stadtzentrum</p></div>
<div id="attachment_530" style="width: 410px" class="wp-caption alignright"><img aria-describedby="caption-attachment-530" loading="lazy" class="size-full wp-image-530 " title="Theartic Emden GUIA Workshop May 2012" src="http://theartic-emden.de/wp-content/uploads/2012/08/guia_theartic_emden-00514.jpg" alt="" width="400" height="267" /><p id="caption-attachment-530" class="wp-caption-text">Alle waren sich einig: Ein herzliches Miteinander ohne Berührungsängste - das zeichnete den Workshop in Emden aus.</p></div>
<p>Und dann war es so weit: Das  nicht nur  aus Theartic-Sicht  mit besonderer Spannung erwartete zweite Workshop-Treffen  konnte beginnen!  Mehr  als 60 Teilnehmer aus  allen  9 Ländern begegneten sich  im Theartic-Theaterworkshop – die einen, um die so erfolgreiche Arbeit von Theartic kennenzulernen, und die anderen, um sie zu zeigen und gemeinsam mit den Partnern auf neue Art und  Weise zu erleben.<br />
Und das funktionierte von Anfang an so wunderbar, daß sich alle Beteiligten am letzten Tag des Workshops mit einer Straßentheater-Aktion  im Stadtzentrum präsentieren konnten – was nicht nur sie selbst, sondern auch das Publikum und die <a title="OZ 07.05.2012: Politsatire im Emder Stadtgarten: “Sind das die Piraten?”" href="http://theartic-emden.de/?p=370">Presse</a> begeisterte.</p>
<p style="text-align: left;">Im Theaterworkshop konnten sich  die europäischen Gäste davon überzeugen, dass und wie ein wirklich gleichberechtigtes Arbeiten von Menschen mit und ohne Behinderungen  tatsächlich möglich ist, und in einer Probe des Erwachsenenensembles zu dem Stück „Die bessere Gesellschaft“  zeigten sie sich beeindruckt von der  Qualität sowohl des Stückes als auch der schauspielerischen Leistungen.  Das galt ebenso für die offenen Proben mit dem Theartic junior-Ensemble und dem TheartiChor.</p>
<p style="text-align: left;">Umgekehrt  genossen alle Theartic-Teilnehmer die Zusammenarbeit mit den Gästen in wunderbar freundschaftlicher und herzlicher Atmosphäre.</p>
<p style="text-align: left;">Auch die Diskussionsrunden  und Nachbesprechungen waren ausgesprochen lebhaft und engagiert. Ein Empfang der Stadt Emden und eine kleine Ostfriesland-Tour rundeten das Workshop-Treffen ab, von dem ausnahmslos alle begeistert waren.</p>
<p style="text-align: left;">Aber lassen wir  unsere europäischen Freunde und natürlich Bilder sprechen … (siehe unten). Theartic freut sich jedenfalls schon jetzt auf Prag im November!</p>
<p style="text-align: left;"><em>Ulrike Heymann</em></p>
<p style="text-align: left;">Fotos vom Europa-Workshop in Emden: <a title="Zu den Fotos..." href="http://theartic-emden.de/bilder/guia_emden_galerie/index.html" target="_blank">KLICK!</a></p>
<div style="background-color: #f3f3f3; padding-top: 8px;">
<p style="text-align: left;">Einige Stimmen der Workshop-Teilnehmer:</p>
<blockquote><p><strong>Kris De Visscher, Demos, Brüssel, Belgien:</strong><br />
&#8222;What struck me was, as I said, that what makes Theartic &#8217;special&#8216; is the fact that you do nothing special at all. The selection of the exercises and the structure of the workshop enables every person to participate in an equal way. The facilitators treat the participants both in a supportive and a challenging way, and this equally so for everyone. It was also wonderful to see how people with and without so-called disabilities take care for each other and develop tight bounds. And this in a natural and spontaneous way. This creates a very warm, relaxed, considerate and harmonic atmosphere that gets the best out of everyone involved. I hope that the local community of Emden and its representatives keep on cherishing and supporting your wonderful work. Its a pity your organization is so unique. I hope that your participation in the GUIA project will enable you to spread this great example of good practice across Europe.&#8220;</p></blockquote>
<blockquote><p><strong>Ljiljana Perišić, Centar za kulturu „Trešnjevka“, Zagreb, Kroatien:</strong><br />
&#8222;First of all I want to thank Ulrike and Beate and the all artists from Theartic. For me  it was a pleasure and work together. I would say that I havn&#8217;t seen so much passion and devotion to work in every aspect. I think we all filled our batteries to go on with  our project.&#8220;</p></blockquote>
<blockquote><p><strong>Chris Ledger, Arts &amp; Disability, Belfast, Nordirland:</strong><br />
&#8222;I have loved this event. I have great respect for Ulrike&#8217;s skills as a disabled artist and, unexspectedly I found great personal enjoyment in the drama workshops. Drama is not my art form of choice but the exercises were well considered and well executed and they drew participants closer together. For me they also acted as a shortcut to build quick relationships with some of the german disabled participants in Theartic.<br />
Theartic&#8217;s faciliators are dedicated and have empathy. I like that disabled people are pushed to achieve &#8211; but pushed with a softness that encourages them out of their shells and enables them to flourish. We must not settle for small achievements because people are disabled &#8211; always I want to see disabled people decelop to their best potential. For you, there are individuals involved in the company who have great talent and to see people with learning difficulties improving with such confidence &#8211; this has been a delight to me.<br />
Yesterday one of the participants moved me to tears by describing how her interaction with me had mede her feel. She said she still felt the effect two days later when we met during the rehearsal. Thias has left a strong impression on me &#8211; that a chance encounter can stay in the mind. To me this is the power of Guia &#8211; it&#8217;s often the small conversations in passing that have the most profound effect.<br />
And by the way the people of Emden have all been remarkably helpful and welcoming! Thank you!&#8220;</p></blockquote>
<blockquote><p><strong>William Longden, The Joy of Sound, London, England:</strong><br />
&#8222;Thank you for a wonderful and educational experience at Emden. The JOS team all had a fine experience and gained fresh perspectives concerning their interpretations and practice  of inclusion. Your immediate and extended team are a very fine crew indeedand your Actors-All are exemplary. [&#8230;]
My immediate feelings concerning GUIA and our common theme if &#8218;inclusion&#8216; is that your approaches are very much contextually oriented and culturally determined. I feel that the real test of any inclusive approach is its transferability in the immediate.<br />
I trust that we might find greater opportunity to reflect upon such considerations towards our shared inclusive practice development, at our future meetings. The pictures are great!<br />
I thoroughly enjoyed your participatory workshops and street theatre, and also the opportunity of gaining such fresh insights into your creative methods, culture and environment. I will be looking forward to meeting again at Prague.&#8220;</p></blockquote>
<blockquote><p><strong>Anita Szaboova, Ośrodek Kultury Ochoty, Warschau,  Polen:</strong><br />
&#8222;i want thank you again for brilliant GUIA meeting. [&#8230;] Ulrike and Beate, Claus, Arne, Kristina, Inge and all Theartic team THANK YOU MILLION TIMES for very good organized meeting and beautiful and useful workshops, rehearsals and whole program which you prepared for us. I found in Theartic new inspirations for my personal and professional life and i could see the same found the rest participants of my Polish group.&#8220;</p></blockquote>
<blockquote><p><strong>Ilona Labutóvá, Inventura, Prag, Tschechien:</strong><br />
&#8222;[After the workshop] I also jumped immediately into work but I have to say I have a special energy to do all this because of this amazing experience in Emden. I loved it from the first second. Everyting we did was for us very<br />
enriching!! On the way back to Prague we were singing the whole way :)&#8220;</p></blockquote>
<blockquote><p><strong>Radu Pop &amp; Irina Danielescu, Alteea, Bukarest, Rumänien:</strong><br />
&#8222;A late but very warm thank you for the great meeting you organized in Emden! For us it was a new, interesting experience to participate in the activities you prepared for us and to be able to attend the rehearsals for your future spectacles! We had a great time in our short but very intense Emden GUIA experience and we appreciate a lot your hospitality and friendship on one hand and the great work you are developing every single day at Theartic, on the other hand!<br />
It was great to meet all the members of the GUIA team and to experience the diversity of the GUIA project and we really hope we will have the chance to meet again in one of the future project meetings! [&#8230;]
Best wishes from sunny and incredible warm (after our return from Germany&#8230;) Romania!&#8220;</p></blockquote>
</div>

<p>Und dann war es so weit: Das  nicht nur  aus Theartic-Sicht  mit besonderer Spannung erwartete zweite Workshop-Treffen  konnte beginnen!  Mehr  als 60 Teilnehmer aus  allen  9 Ländern begegneten sich  im Theartic-Theaterworkshop – die einen, um die so erfolgreiche Arbeit von &hellip; <a href="http://theartic-emden.de/?page_id=515">Weiterlesen <span class="meta-nav">&rarr;</span></a></p>
