{"id":1718,"date":"2015-06-09T05:32:51","date_gmt":"2015-06-09T05:32:51","guid":{"rendered":"http:\/\/theartic-emden.de\/?page_id=1718"},"modified":"2022-02-03T12:01:35","modified_gmt":"2022-02-03T12:01:35","slug":"stomp","status":"publish","type":"page","link":"https:\/\/theartic-emden.de\/?page_id=1718","title":{"rendered":"ThearticStomp"},"content":{"rendered":"<h1><strong>ThearticStomp<\/strong><\/h1>\n<p><img loading=\"lazy\" class=\" wp-image-1753 alignnone\" src=\"http:\/\/theartic-emden.de\/wp-content\/uploads\/2015\/06\/DSC02325_web-1024x515.jpg\" alt=\"SONY DSC\" width=\"640\" height=\"321\" srcset=\"https:\/\/theartic-emden.de\/wp-content\/uploads\/2015\/06\/DSC02325_web-1024x515.jpg 1024w, https:\/\/theartic-emden.de\/wp-content\/uploads\/2015\/06\/DSC02325_web-480x241.jpg 480w, https:\/\/theartic-emden.de\/wp-content\/uploads\/2015\/06\/DSC02325_web.jpg 1200w\" sizes=\"(max-width: 640px) 100vw, 640px\" \/><\/p>\n<p>Musik auf F\u00e4ssern und Tonnen, Kanistern, Eimern und Kehrblechen, mit Besen und M\u00fclls\u00e4cken &#8230; das ist ThearticStomp!<\/p>\n<p>Musik mit K\u00fcchenger\u00e4ten, Stiften und B\u00fcchern, Basketb\u00e4llen &#8230; auch das ist ThearticStomp!<\/p>\n<p>Musik in der Bewegung, Performance, Theater &#8230; auch das geh\u00f6rt dazu!<\/p>\n<p>ThearticStomp wird geleitet von Ulrike Heymann.<\/p>\n<p>ThearticStomp ist ein gemeinsames Angebot von Theartic e.V. und der Musischen Akademie Emden. ThearticStomp umrahmte mehrere Veranstaltungen und pr\u00e4sentierte zusammen mit dem TheartiChor<\/p>\n<p>2015 \u201eDu pa\u00dft so gut zu mir&#8220; &#8211; ThearticStomp trifft den TheartiChor, Neues Theater<\/p>\n<p>2019 &#8222;Arbeit &amp; Vergn\u00fcgen&#8220;, Neues Theater<\/p>\n<p>&nbsp;<\/p>\n<div id=\"attachment_3127\" style=\"width: 544px\" class=\"wp-caption aligncenter\"><img aria-describedby=\"caption-attachment-3127\" loading=\"lazy\" class=\"wp-image-3127 size-large\" src=\"http:\/\/theartic-emden.de\/wp-content\/uploads\/2018\/07\/01_Theartic-Stomp-17-05-2018_bearbeitet_002-534x800.jpg\" alt=\"\" width=\"534\" height=\"800\" srcset=\"https:\/\/theartic-emden.de\/wp-content\/uploads\/2018\/07\/01_Theartic-Stomp-17-05-2018_bearbeitet_002-534x800.jpg 534w, https:\/\/theartic-emden.de\/wp-content\/uploads\/2018\/07\/01_Theartic-Stomp-17-05-2018_bearbeitet_002-320x480.jpg 320w, https:\/\/theartic-emden.de\/wp-content\/uploads\/2018\/07\/01_Theartic-Stomp-17-05-2018_bearbeitet_002-768x1151.jpg 768w\" sizes=\"(max-width: 534px) 100vw, 534px\" \/><p id=\"caption-attachment-3127\" class=\"wp-caption-text\">Arbeit &amp; Vergn\u00fcgen 2019<\/p><\/div>\n<div>&nbsp;<\/div>\n<p>&nbsp;<\/p>\n","protected":false},"excerpt":{"rendered":"<p>ThearticStomp Musik auf F\u00e4ssern und Tonnen, Kanistern, Eimern und Kehrblechen, mit Besen und M\u00fclls\u00e4cken &#8230; das ist ThearticStomp! Musik mit K\u00fcchenger\u00e4ten, Stiften und B\u00fcchern, Basketb\u00e4llen &#8230; auch das ist ThearticStomp! Musik in der Bewegung, Performance, Theater &#8230; auch das geh\u00f6rt &hellip; <a href=\"https:\/\/theartic-emden.de\/?page_id=1718\">Weiterlesen <span class=\"meta-nav\">&rarr;<\/span><\/a><\/p>\n","protected":false},"author":1,"featured_media":0,"parent":2,"menu_order":0,"comment_status":"closed","ping_status":"closed","template":"onecolumn-page.php","meta":{"ngg_post_thumbnail":0},"_links":{"self":[{"href":"https:\/\/theartic-emden.de\/index.php?rest_route=\/wp\/v2\/pages\/1718"}],"collection":[{"href":"https:\/\/theartic-emden.de\/index.php?rest_route=\/wp\/v2\/pages"}],"about":[{"href":"https:\/\/theartic-emden.de\/index.php?rest_route=\/wp\/v2\/types\/page"}],"author":[{"embeddable":true,"href":"https:\/\/theartic-emden.de\/index.php?rest_route=\/wp\/v2\/users\/1"}],"replies":[{"embeddable":true,"href":"https:\/\/theartic-emden.de\/index.php?rest_route=%2Fwp%2Fv2%2Fcomments&post=1718"}],"version-history":[{"count":13,"href":"https:\/\/theartic-emden.de\/index.php?rest_route=\/wp\/v2\/pages\/1718\/revisions"}],"predecessor-version":[{"id":3604,"href":"https:\/\/theartic-emden.de\/index.php?rest_route=\/wp\/v2\/pages\/1718\/revisions\/3604"}],"up":[{"embeddable":true,"href":"https:\/\/theartic-emden.de\/index.php?rest_route=\/wp\/v2\/pages\/2"}],"wp:attachment":[{"href":"https:\/\/theartic-emden.de\/index.php?rest_route=%2Fwp%2Fv2%2Fmedia&parent=1718"}],"curies":[{"name":"wp","href":"https:\/\/api.w.org\/{rel}","templated":true}]}}