{"id":2309,"date":"2018-07-26T10:12:20","date_gmt":"2018-07-26T10:12:20","guid":{"rendered":"http:\/\/theartic-emden.de\/?page_id=2309"},"modified":"2022-02-03T11:00:50","modified_gmt":"2022-02-03T11:00:50","slug":"theartic-e-v","status":"publish","type":"page","link":"https:\/\/theartic-emden.de\/?page_id=2309","title":{"rendered":"Theartic e.V."},"content":{"rendered":"<p><strong>&nbsp;<\/strong><strong>&nbsp;wurde 2002 gegr\u00fcndet und arbeitet&nbsp; in den Bereichen Theater und Musik <\/strong><\/p>\n<ul>\n<li>mit Kindern, Jugendlichen und Erwachsenen<\/li>\n<li>mit und ohne (geistige, k\u00f6rperliche, psychische) Behinderungen und<\/li>\n<li>mit und ohne Migrationsgeschichte (Gefl\u00fcchtete und aus anderen Gr\u00fcnden Zugewanderte).<\/li>\n<\/ul>\n<p><strong>Wir arbeiten <\/strong><\/p>\n<ul>\n<li>kontinuierlich in w\u00f6chentlichen Proben mit rund 100 Teilnehmer\/innen in 5 Theater-&nbsp; und Musikensembles<\/li>\n<li>bei Projekten und anderen Aktivit\u00e4ten unter Einbeziehung weiterer Teilnehmer\/innen<\/li>\n<li>mit unterschiedlichen Kooperationspartnern aus den Bereichen Kultur und Soziales<\/li>\n<li>f\u00fcr ein Publikum, bestehend aus Menschen jeden Alters, aus allen gesellschaftlichen Milieus, jeglicher Herkunft, mit und ohne Behinderung, mit und ohne Migrationsgeschichte, mit und ohne Deutschkenntnisse \u2026<\/li>\n<li>auf hohem k\u00fcnstlerischen Niveau<\/li>\n<li>gemeinsam und gleichberechtigt.<\/li>\n<\/ul>\n<p><strong>Theartic steht<\/strong><\/p>\n<ul>\n<li>als Kulturinstitution f\u00fcr Theater auf hohem Niveau und interessante Konzerte<\/li>\n<li>als soziale Einrichtung f\u00fcr gelingende Inklusion und Integration<\/li>\n<li>als soziokulturelle Einrichtung f\u00fcr das Miteinander unterschiedlichster Bev\u00f6lkerungsgruppen, b\u00fcrgerschaftliches Engagement, Vielfalt\/Diversit\u00e4t, Toleranz und Demokratie.<\/li>\n<\/ul>\n<p>In mittlerweile 19 Jahren k\u00fcnstlerisch-soziokultureller Arbeit konnten wir 17 verschiedene Theaterproduktionen und mehrere Konzertprogramme realisieren.<\/p>\n<p>Unsere Produktionen pr\u00e4sentieren wir stets einem zahlenm\u00e4\u00dfig gro\u00dfen Publikum aus allen gesellschaftlichen Gruppen und begeistern dabei regelm\u00e4\u00dfig Publikum wie Presse.<\/p>\n<p>Theartic genie\u00dft bei renommierten F\u00f6rderinstitutionen (z.B. Robert Bosch Stiftung, Klosterkammer Hannover, Stiftung Niedersachsen), Ministerien und anderen Institutionen einen guten Ruf.<\/p>\n<p>(2017 wurde eines unserer Theaterprojekte mit einheimischen und gefl\u00fcchteten Kindern und Jugendlichen von der Robert Bosch Stiftung als besonders gelungen bewertet und ausgezeichnet. Von 2011 bis 2013 durfte Theartic e.V. in einem Kulturprojekt der Europ\u00e4ischen Kommission Deutschland repr\u00e4sentieren und mit vergleichbaren Institutionen aus 8 europ\u00e4ischen Hauptst\u00e4dten zusammenarbeiten.)<\/p>\n<p>Zu unserer Arbeit geh\u00f6ren au\u00dferdem Workshops f\u00fcr unterschiedliche Zielgruppen (von Workshops f\u00fcr Gefl\u00fcchtete bis hin zur Lehrerfortbildung), k\u00fcnstlerische Umrahmungen von Fremdveranstaltungen, Gastspiele, Stra\u00dfentheater, walk-acts u.v.a.m.<\/p>\n<p>&nbsp;<\/p>\n","protected":false},"excerpt":{"rendered":"<p>&nbsp;&nbsp;wurde 2002 gegr\u00fcndet und arbeitet&nbsp; in den Bereichen Theater und Musik mit Kindern, Jugendlichen und Erwachsenen mit und ohne (geistige, k\u00f6rperliche, psychische) Behinderungen und mit und ohne Migrationsgeschichte (Gefl\u00fcchtete und aus anderen Gr\u00fcnden Zugewanderte). Wir arbeiten kontinuierlich in w\u00f6chentlichen Proben &hellip; <a href=\"https:\/\/theartic-emden.de\/?page_id=2309\">Weiterlesen <span class=\"meta-nav\">&rarr;<\/span><\/a><\/p>\n","protected":false},"author":1,"featured_media":0,"parent":0,"menu_order":0,"comment_status":"closed","ping_status":"closed","template":"","meta":{"ngg_post_thumbnail":0},"_links":{"self":[{"href":"https:\/\/theartic-emden.de\/index.php?rest_route=\/wp\/v2\/pages\/2309"}],"collection":[{"href":"https:\/\/theartic-emden.de\/index.php?rest_route=\/wp\/v2\/pages"}],"about":[{"href":"https:\/\/theartic-emden.de\/index.php?rest_route=\/wp\/v2\/types\/page"}],"author":[{"embeddable":true,"href":"https:\/\/theartic-emden.de\/index.php?rest_route=\/wp\/v2\/users\/1"}],"replies":[{"embeddable":true,"href":"https:\/\/theartic-emden.de\/index.php?rest_route=%2Fwp%2Fv2%2Fcomments&post=2309"}],"version-history":[{"count":4,"href":"https:\/\/theartic-emden.de\/index.php?rest_route=\/wp\/v2\/pages\/2309\/revisions"}],"predecessor-version":[{"id":3599,"href":"https:\/\/theartic-emden.de\/index.php?rest_route=\/wp\/v2\/pages\/2309\/revisions\/3599"}],"wp:attachment":[{"href":"https:\/\/theartic-emden.de\/index.php?rest_route=%2Fwp%2Fv2%2Fmedia&parent=2309"}],"curies":[{"name":"wp","href":"https:\/\/api.w.org\/{rel}","templated":true}]}}