{"id":472,"date":"2012-08-02T08:23:21","date_gmt":"2012-08-02T08:23:21","guid":{"rendered":"http:\/\/theartic-emden.de\/?page_id=472"},"modified":"2013-02-26T09:08:14","modified_gmt":"2013-02-26T09:08:14","slug":"europa-projekt-guia","status":"publish","type":"page","link":"https:\/\/theartic-emden.de\/?page_id=472","title":{"rendered":"Europa-Projekt &#8222;GUIA&#8220;"},"content":{"rendered":"<p><strong><img loading=\"lazy\" class=\"aligncenter size-full wp-image-486\" title=\"theartic_guia_grundtvig_logo\" alt=\"Theartic, Grundtvig und Guia Logo\" src=\"http:\/\/theartic-emden.de\/wp-content\/uploads\/2012\/08\/theartic_guia_grundtvig_logo2.jpg\" width=\"800\" height=\"105\" srcset=\"https:\/\/theartic-emden.de\/wp-content\/uploads\/2012\/08\/theartic_guia_grundtvig_logo2.jpg 800w, https:\/\/theartic-emden.de\/wp-content\/uploads\/2012\/08\/theartic_guia_grundtvig_logo2-480x63.jpg 480w\" sizes=\"(max-width: 800px) 100vw, 800px\" \/>Das Europa-Projekt GUIA (Guide us into arts \u2013 F\u00fchre uns in die K\u00fcnste)<\/strong><\/p>\n<p>ist im Grundtvig-Programm der Europ\u00e4ischen Union angesiedelt und zielt darauf ab, Erfahrungswissen und Methoden in der k\u00fcnstlerischen Arbeit mit Menschen mit Behinderung auszutauschen. Es richtet sich an Organisationen, die inkludierend arbeiten. Der Schwerpunkt liegt im Bereich der Darstellenden K\u00fcnste (Theater, Tanz), es sind jedoch auch Einrichtungen vertreten, die sich auch oder vorrangig mit Musik oder Bildender Kunst besch\u00e4ftigen. Voneinander lernen sollen sowohl die Leitungsteams als auch die Teilnehmer\/Ensemblemitglieder der beteiligten Institutionen.<\/p>\n<p><strong>Projektteilnehmer:<\/strong><\/p>\n<p>F\u00fcr Nordirland, England, Belgien, Polen, Tschechien, Kroatien, Rum\u00e4nien und die T\u00fcrkei nehmen Institutionen aus den jeweiligen Hauptst\u00e4dten teil, und Deutschland wird vertreten durch Theartic aus Emden.<\/p>\n<p>Links zu den teilnehmenden GUIA Partner-Institutionen:<br \/>\n\u25ba\u00a0<a title=\"Zur Website...\" href=\"http:\/\/inventura.org\/\" target=\"_blank\">Inventura (Tschechien)<\/a><br \/>\n\u25ba <a title=\"Zur Website...\" href=\"http:\/\/www.joyofsound.net\/\" target=\"_blank\">Joy of sound (Gro\u00dfbritannien)<\/a><br \/>\n\u25ba <a title=\"Zur Website...\" href=\"http:\/\/adiarts.ie\/\" target=\"_blank\">Arts &amp; Disability (Irland)<\/a><br \/>\n\u25ba <a title=\"Zur Website...\" href=\"http:\/\/dezeyp.be\/layout1.php?start=ok\" target=\"_blank\">De Zeyp (Belgien)<\/a><br \/>\n\u25ba <a title=\"Zur Website...\" href=\"http:\/\/oko.com.pl\/\" target=\"_blank\">O\u015brodek Kultury Ochoty (Polen)<\/a><br \/>\n\u25ba <a title=\"Zur Website...\" href=\"http:\/\/www.cekate.hr\/\" target=\"_blank\">Cekate (Kroatien)<\/a><br \/>\n\u25ba <a title=\"Zur Website...\" href=\"http:\/\/www.saitulusoy.meb.k12.tr\/\" target=\"_blank\">Sait Ulusoy (T\u00fcrkei)<\/a><\/p>\n<p><strong>Inhalte:<\/strong><\/p>\n<p>Im Laufe des insgesamt \u00fcber 2 Jahre laufenden Projekts gibt es drei Workshop-Treffen und drei Festival-Treffen mit<\/p>\n<ul>\n<li>Workshops und offenen Proben, durchgef\u00fchrt von den Gastgeberorganisationen<\/li>\n<li>Vortr\u00e4gen, Diskussionen, Nachbesprechungen, Austausch von Erfahrungen und Methoden<\/li>\n<li>\u00f6ffentlichen Pr\u00e4sentationen (bei den Festival-Treffen).<\/li>\n<\/ul>\n<p>Eine das gesamte Projekt begleitende Evaluation und eine Abschlussdokumentation sind Bestandteile des Projekts.<\/p>\n<p><strong>Zeitlicher Ablauf:<\/strong><\/p>\n<ul>\n<li><a title=\"Das erste Arbeitstreffen in Bukarest im September 2011\" href=\"http:\/\/theartic-emden.de\/?page_id=488\">Start-Arbeitstreffen Leitungsebene: Bukarest, 18. \u2013 22. September 2011<\/a><\/li>\n<li><a title=\"Das erste Workshop-Treffen in London im Oktober 2011\" href=\"http:\/\/theartic-emden.de\/?page_id=497\">Erstes Workshop-Treffen: London, 26. \u2013 30. Oktober 2011<\/a><\/li>\n<li><a title=\"Das erste Festival-Treffen in Br\u00fcssel im M\u00e4rz 2012\" href=\"http:\/\/theartic-emden.de\/?page_id=510\">Erstes Festival-Treffen: Br\u00fcssel, 1. \u2013 4. M\u00e4rz 2012<\/a><\/li>\n<li><a title=\"Der Theartic-Workshop in Emden im Mai 2012\" href=\"http:\/\/theartic-emden.de\/?page_id=515\">Zweites Workshop-Treffen: Emden, 2. \u2013 6. Mai 2012<\/a><\/li>\n<li><a title=\"Workshops &amp; Theaterfestival in Prag (November 2012)\" href=\"http:\/\/theartic-emden.de\/?page_id=920\">Zweites Festival-Treffen: Prag, 7. \u2013 11. November 2012<\/a><\/li>\n<li>Drittes Workshop-Treffen: Warschau, M\u00e4rz 2013<\/li>\n<li>Drittes Festival-Treffen: Zagreb, Mai 2013<\/li>\n<li>Abschluss-Arbeitstreffen Leitungsebene: Ankara, Juni\/Juli 2013<\/li>\n<\/ul>\n<p><strong>Theartic-Schwerpunkte im Projekt<\/strong><\/p>\n<p>sind der Theartic-Theaterworkshop im Mai 2012 in Emden und die Teilnahme am Festival in Prag im November 2012.<br \/>\nDaneben reisen Mitglieder des Theartic-Leitungsteams auch zu anderen Treffen, um sich mit den europ\u00e4ischen Partnern auszutauschen und voneinander zu lernen.<\/p>\n","protected":false},"excerpt":{"rendered":"<p>Das Europa-Projekt GUIA (Guide us into arts \u2013 F\u00fchre uns in die K\u00fcnste) ist im Grundtvig-Programm der Europ\u00e4ischen Union angesiedelt und zielt darauf ab, Erfahrungswissen und Methoden in der k\u00fcnstlerischen Arbeit mit Menschen mit Behinderung auszutauschen. Es richtet sich an &hellip; <a href=\"https:\/\/theartic-emden.de\/?page_id=472\">Weiterlesen <span class=\"meta-nav\">&rarr;<\/span><\/a><\/p>\n","protected":false},"author":1,"featured_media":0,"parent":403,"menu_order":0,"comment_status":"closed","ping_status":"closed","template":"onecolumn-page.php","meta":{"ngg_post_thumbnail":0},"_links":{"self":[{"href":"https:\/\/theartic-emden.de\/index.php?rest_route=\/wp\/v2\/pages\/472"}],"collection":[{"href":"https:\/\/theartic-emden.de\/index.php?rest_route=\/wp\/v2\/pages"}],"about":[{"href":"https:\/\/theartic-emden.de\/index.php?rest_route=\/wp\/v2\/types\/page"}],"author":[{"embeddable":true,"href":"https:\/\/theartic-emden.de\/index.php?rest_route=\/wp\/v2\/users\/1"}],"replies":[{"embeddable":true,"href":"https:\/\/theartic-emden.de\/index.php?rest_route=%2Fwp%2Fv2%2Fcomments&post=472"}],"version-history":[{"count":10,"href":"https:\/\/theartic-emden.de\/index.php?rest_route=\/wp\/v2\/pages\/472\/revisions"}],"predecessor-version":[{"id":959,"href":"https:\/\/theartic-emden.de\/index.php?rest_route=\/wp\/v2\/pages\/472\/revisions\/959"}],"up":[{"embeddable":true,"href":"https:\/\/theartic-emden.de\/index.php?rest_route=\/wp\/v2\/pages\/403"}],"wp:attachment":[{"href":"https:\/\/theartic-emden.de\/index.php?rest_route=%2Fwp%2Fv2%2Fmedia&parent=472"}],"curies":[{"name":"wp","href":"https:\/\/api.w.org\/{rel}","templated":true}]}}

<p><strong><img loading="lazy" class="aligncenter size-full wp-image-486" title="theartic_guia_grundtvig_logo" alt="Theartic, Grundtvig und Guia Logo" src="http://theartic-emden.de/wp-content/uploads/2012/08/theartic_guia_grundtvig_logo2.jpg" width="800" height="105" srcset="https://theartic-emden.de/wp-content/uploads/2012/08/theartic_guia_grundtvig_logo2.jpg 800w, https://theartic-emden.de/wp-content/uploads/2012/08/theartic_guia_grundtvig_logo2-480x63.jpg 480w" sizes="(max-width: 800px) 100vw, 800px" />Das Europa-Projekt GUIA (Guide us into arts – Führe uns in die Künste)</strong></p>
<p>ist im Grundtvig-Programm der Europäischen Union angesiedelt und zielt darauf ab, Erfahrungswissen und Methoden in der künstlerischen Arbeit mit Menschen mit Behinderung auszutauschen. Es richtet sich an Organisationen, die inkludierend arbeiten. Der Schwerpunkt liegt im Bereich der Darstellenden Künste (Theater, Tanz), es sind jedoch auch Einrichtungen vertreten, die sich auch oder vorrangig mit Musik oder Bildender Kunst beschäftigen. Voneinander lernen sollen sowohl die Leitungsteams als auch die Teilnehmer/Ensemblemitglieder der beteiligten Institutionen.</p>
<p><strong>Projektteilnehmer:</strong></p>
<p>Für Nordirland, England, Belgien, Polen, Tschechien, Kroatien, Rumänien und die Türkei nehmen Institutionen aus den jeweiligen Hauptstädten teil, und Deutschland wird vertreten durch Theartic aus Emden.</p>
<p>Links zu den teilnehmenden GUIA Partner-Institutionen:<br />
► <a title="Zur Website..." href="http://inventura.org/" target="_blank">Inventura (Tschechien)</a><br />
► <a title="Zur Website..." href="http://www.joyofsound.net/" target="_blank">Joy of sound (Großbritannien)</a><br />
► <a title="Zur Website..." href="http://adiarts.ie/" target="_blank">Arts &amp; Disability (Irland)</a><br />
► <a title="Zur Website..." href="http://dezeyp.be/layout1.php?start=ok" target="_blank">De Zeyp (Belgien)</a><br />
► <a title="Zur Website..." href="http://oko.com.pl/" target="_blank">Ośrodek Kultury Ochoty (Polen)</a><br />
► <a title="Zur Website..." href="http://www.cekate.hr/" target="_blank">Cekate (Kroatien)</a><br />
► <a title="Zur Website..." href="http://www.saitulusoy.meb.k12.tr/" target="_blank">Sait Ulusoy (Türkei)</a></p>
<p><strong>Inhalte:</strong></p>
<p>Im Laufe des insgesamt über 2 Jahre laufenden Projekts gibt es drei Workshop-Treffen und drei Festival-Treffen mit</p>
<ul>
<li>Workshops und offenen Proben, durchgeführt von den Gastgeberorganisationen</li>
<li>Vorträgen, Diskussionen, Nachbesprechungen, Austausch von Erfahrungen und Methoden</li>
<li>öffentlichen Präsentationen (bei den Festival-Treffen).</li>
</ul>
<p>Eine das gesamte Projekt begleitende Evaluation und eine Abschlussdokumentation sind Bestandteile des Projekts.</p>
<p><strong>Zeitlicher Ablauf:</strong></p>
<ul>
<li><a title="Das erste Arbeitstreffen in Bukarest im September 2011" href="http://theartic-emden.de/?page_id=488">Start-Arbeitstreffen Leitungsebene: Bukarest, 18. – 22. September 2011</a></li>
<li><a title="Das erste Workshop-Treffen in London im Oktober 2011" href="http://theartic-emden.de/?page_id=497">Erstes Workshop-Treffen: London, 26. – 30. Oktober 2011</a></li>
<li><a title="Das erste Festival-Treffen in Brüssel im März 2012" href="http://theartic-emden.de/?page_id=510">Erstes Festival-Treffen: Brüssel, 1. – 4. März 2012</a></li>
<li><a title="Der Theartic-Workshop in Emden im Mai 2012" href="http://theartic-emden.de/?page_id=515">Zweites Workshop-Treffen: Emden, 2. – 6. Mai 2012</a></li>
<li><a title="Workshops &amp; Theaterfestival in Prag (November 2012)" href="http://theartic-emden.de/?page_id=920">Zweites Festival-Treffen: Prag, 7. – 11. November 2012</a></li>
<li>Drittes Workshop-Treffen: Warschau, März 2013</li>
<li>Drittes Festival-Treffen: Zagreb, Mai 2013</li>
<li>Abschluss-Arbeitstreffen Leitungsebene: Ankara, Juni/Juli 2013</li>
</ul>
<p><strong>Theartic-Schwerpunkte im Projekt</strong></p>
<p>sind der Theartic-Theaterworkshop im Mai 2012 in Emden und die Teilnahme am Festival in Prag im November 2012.<br />
Daneben reisen Mitglieder des Theartic-Leitungsteams auch zu anderen Treffen, um sich mit den europäischen Partnern auszutauschen und voneinander zu lernen.</p>

<p>Das Europa-Projekt GUIA (Guide us into arts – Führe uns in die Künste) ist im Grundtvig-Programm der Europäischen Union angesiedelt und zielt darauf ab, Erfahrungswissen und Methoden in der künstlerischen Arbeit mit Menschen mit Behinderung auszutauschen. Es richtet sich an &hellip; <a href="https://theartic-emden.de/?page_id=472">Weiterlesen <span class="meta-nav">&rarr;</span></a></p>
