{"id":497,"date":"2012-08-02T10:11:56","date_gmt":"2012-08-02T10:11:56","guid":{"rendered":"http:\/\/theartic-emden.de\/?page_id=497"},"modified":"2012-08-10T08:25:18","modified_gmt":"2012-08-10T08:25:18","slug":"das-erste-workshop-treffen-in-london-im-oktober-2011","status":"publish","type":"page","link":"https:\/\/theartic-emden.de\/?page_id=497","title":{"rendered":"Das erste Workshop-Treffen in London im Oktober 2011"},"content":{"rendered":"<p>war nicht so exotisch wie die Rum\u00e4nien-Reise, daf\u00fcr aber ging es los mit der konkreten k\u00fcnstlerischen Arbeit in den Workshops der Kollegen und Kolleginnen von \u201eJoy of sound\u201c aus London.\u00a0 Joy of sound\u00a0 arbeitet musikalisch mit Menschen mit und ohne Behinderungen und stellt dabei auf h\u00f6chst interessante Weise den Umgang mit der Stimme in den Mittelpunkt, sei\u00a0 es\u00a0 singend, sprechend, schreiend, summend\u00a0 \u2013\u00a0 mal begleitet von Instrumenten, mal Bewegungselemente und Tanz einbeziehend, immer aber mit\u00a0 starken improvisatorischen Anteilen.<\/p>\n<div id=\"attachment_505\" style=\"width: 410px\" class=\"wp-caption alignright\"><img aria-describedby=\"caption-attachment-505\" loading=\"lazy\" class=\"size-full wp-image-505\" title=\"guia_london1\" src=\"http:\/\/theartic-emden.de\/wp-content\/uploads\/2012\/08\/guia_london1.jpg\" alt=\"Neue Anregungen gab es w\u00e4hrend es Workshops in London\" width=\"400\" height=\"300\" \/><p id=\"caption-attachment-505\" class=\"wp-caption-text\">Neue Anregungen gab es w\u00e4hrend des Workshops in London<\/p><\/div>\n<p>Das dort Erlebte\u00a0 wird insbesondere f\u00fcr die Arbeit des TheartiChors\u00a0 neue Anregungen und Impulse geben. Daneben gab es einen Workshop, der neben Instrumentalimprovisation und Tanz auch die Bildenden K\u00fcnste (Malerei und Skulptur) einbezog, und schlie\u00dflich einen Gamelan- Workshop (indonesische Instrumente)\u00a0 in der Royal Festival Hall. Au\u00dferdem wurden die Diskussionen \u00fcber Methoden nat\u00fcrlich fortgesetzt.<\/p>\n<p>Auch\u00a0 die Londoner Partner\u00a0 erwiesen sich als au\u00dferordentlich gastfreundlich, und im London-Workshop\u00a0 trafen zum ersten Mal in diesem Projekt\u00a0 Leitende und Teilnehmer, Menschen mit und ohne Behinderungen aus 9 verschiedenen L\u00e4ndern zusammen \u2013 und verstanden sich bestens!<\/p>\n<div id=\"attachment_507\" style=\"width: 410px\" class=\"wp-caption alignright\"><img aria-describedby=\"caption-attachment-507\" loading=\"lazy\" class=\"size-full wp-image-507\" title=\"guia_london2\" src=\"http:\/\/theartic-emden.de\/wp-content\/uploads\/2012\/08\/guia_london2.jpg\" alt=\"\" width=\"400\" height=\"300\" \/><p id=\"caption-attachment-507\" class=\"wp-caption-text\">Lohn nach getaner Arbeit: Ulrike, Inge &amp; Arne genie\u00dfen ein Feierabendbier vor einem Londoner Pub.<\/p><\/div>\n<p>Nach London reisten \u00a0Inge Rhoden-Wohlers (Stellvertretende Vorsitzende, Theartic-Chefin in Sachen Kost\u00fcme, Maske und Frisuren sowie Regie hinter der B\u00fchne), Arne Bohnet (Vorstandsmitglied, Theartic-Komponist und\u00a0\u00a0 \u2013B\u00fchnenmusiker, Leitung TheartiChor) und Ulrike Heymann.<\/p>\n<p>Und an einem Abend war tats\u00e4chlich mal \u00a0Zeit f\u00fcr ein Feierabendbier vor einem Londoner Pub \u00a0\u2026<\/p>\n<p><em>Ulrike Heymann<\/em><\/p>\n","protected":false},"excerpt":{"rendered":"<p>war nicht so exotisch wie die Rum\u00e4nien-Reise, daf\u00fcr aber ging es los mit der konkreten k\u00fcnstlerischen Arbeit in den Workshops der Kollegen und Kolleginnen von \u201eJoy of sound\u201c aus London.\u00a0 Joy of sound\u00a0 arbeitet musikalisch mit Menschen mit und ohne &hellip; <a href=\"https:\/\/theartic-emden.de\/?page_id=497\">Weiterlesen <span class=\"meta-nav\">&rarr;<\/span><\/a><\/p>\n","protected":false},"author":1,"featured_media":0,"parent":472,"menu_order":0,"comment_status":"closed","ping_status":"closed","template":"onecolumn-page.php","meta":{"ngg_post_thumbnail":0},"_links":{"self":[{"href":"https:\/\/theartic-emden.de\/index.php?rest_route=\/wp\/v2\/pages\/497"}],"collection":[{"href":"https:\/\/theartic-emden.de\/index.php?rest_route=\/wp\/v2\/pages"}],"about":[{"href":"https:\/\/theartic-emden.de\/index.php?rest_route=\/wp\/v2\/types\/page"}],"author":[{"embeddable":true,"href":"https:\/\/theartic-emden.de\/index.php?rest_route=\/wp\/v2\/users\/1"}],"replies":[{"embeddable":true,"href":"https:\/\/theartic-emden.de\/index.php?rest_route=%2Fwp%2Fv2%2Fcomments&post=497"}],"version-history":[{"count":8,"href":"https:\/\/theartic-emden.de\/index.php?rest_route=\/wp\/v2\/pages\/497\/revisions"}],"predecessor-version":[{"id":561,"href":"https:\/\/theartic-emden.de\/index.php?rest_route=\/wp\/v2\/pages\/497\/revisions\/561"}],"up":[{"embeddable":true,"href":"https:\/\/theartic-emden.de\/index.php?rest_route=\/wp\/v2\/pages\/472"}],"wp:attachment":[{"href":"https:\/\/theartic-emden.de\/index.php?rest_route=%2Fwp%2Fv2%2Fmedia&parent=497"}],"curies":[{"name":"wp","href":"https:\/\/api.w.org\/{rel}","templated":true}]}}